?
False
Does 144 divide 24710150?
False
Is 2776 a factor of 1250329832?
True
Does 903 divide 579190026?
False
Is 2485 a factor of 1967093695?
True
Is 2386358 a multiple of 6?
False
Is 214 a factor of 149470454?
False
Is 1018992312 a multiple of 18?
True
Is 392 a factor of 335664896?
True
Does 24 divide 79385362?
False
Does 496 divide 22993301?
False
Is 322737453 a multiple of 1358?
False
Is 275 a factor of 32528925?
True
Is 155262562 a multiple of 91?
True
Is 21 a factor of 51862335?
True
Is 23293498 a multiple of 224?
False
Is 597 a factor of 7912035?
False
Is 2578063790 a multiple of 59?
False
Is 23236728 a multiple of 8?
True
Is 16 a factor of 2584538576?
True
Is 850 a factor of 19901050?
True
Does 988 divide 20776071?
False
Is 346580481 a multiple of 16?
False
Is 298 a factor of 1956792192?
False
Is 205184777 a multiple of 1615?
False
Is 297569 a multiple of 4?
False
Is 40385980 a multiple of 844?
False
Does 4137 divide 221077143?
True
Is 212691256 a multiple of 15?
False
Does 2412 divide 536682710?
False
Does 112 divide 30435043?
False
Does 3686 divide 3187019107?
False
Is 12 a factor of 113144974?
False
Does 4 divide 204233496?
True
Is 385 a factor of 8569330?
True
Does 180 divide 247568220?
True
Does 1237 divide 4548449?
True
Does 13 divide 50743266?
False
Is 405512421 a multiple of 1451?
True
Is 16 a factor of 78551043?
False
Is 97 a factor of 114680880?
False
Does 4735 divide 250912385?
True
Does 77 divide 1708287581?
True
Is 1658 a factor of 34703598?
True
Is 21518789 a multiple of 4?
False
Does 78 divide 381894451?
False
Is 10316180 a multiple of 155?
True
Is 423340972 a multiple of 4124?
True
Is 66 a factor of 224322014?
False
Does 173 divide 1833944409?
False
Does 154 divide 6133512?
True
Is 1278 a factor of 923470974?
False
Is 2592 a factor of 4809497472?
True
Is 5915690 a multiple of 11?
True
Does 19 divide 1942489?
False
Is 7700 a factor of 4071606000?
True
Is 92 a factor of 853111741?
False
Is 2609 a factor of 1671494985?
True
Is 110871210 a multiple of 23?
False
Does 177 divide 502325949?
False
Is 982 a factor of 1264729584?
True
Is 333441684 a multiple of 9?
True
Is 763487640 a multiple of 27?
True
Does 17 divide 7935558044?
True
Does 78 divide 2828466563?
False
Is 15 a factor of 10052035?
False
Is 976725532 a multiple of 33?
False
Is 77481878 a multiple of 492?
False
Does 119 divide 744127329?
False
Does 314 divide 1023739538?
True
Does 11 divide 2425533658?
False
Is 53 a factor of 157997411?
False
Does 69 divide 1878965041?
False
Is 6705984 a multiple of 48?
True
Does 15 divide 27033550?
False
Does 20 divide 498196913?
False
Is 42 a factor of 777047647?
False
Does 7 divide 74397043?
True
Is 85922947 a multiple of 1304?
False
Is 93 a factor of 5237388?
True
Is 367 a factor of 158553010?
False
Does 191 divide 12680299?
True
Is 67235740 a multiple of 13?
True
Does 7 divide 10604026?
False
Is 276 a factor of 943786416?
True
Does 2535 divide 1454231214?
False
Is 41 a factor of 1993647550?
True
Does 30 divide 238563600?
True
Is 1749 a factor of 3309936853?
False
Is 13 a factor of 15027558?
True
Is 3387 a factor of 617197888?
False
Does 1407 divide 76239702?
True
Does 242 divide 74983700?
True
Is 1992396 a multiple of 6?
True
Does 2980 divide 2010072580?
True
Does 14 divide 1479730023?
False
Is 12 a factor of 107460552?
True
Is 409 a factor of 145219540?
True
Is 284408288 a multiple of 2391?
False
Does 1263 divide 3158763?
True
Is 298 a factor of 662735309?
False
Does 25 divide 92416775?
True
Is 1939621476 a multiple of 227?
True
Is 965781624 a multiple of 24?
True
Is 200667925 a multiple of 692?
False
Does 709 divide 673672657?
True
Is 654 a factor of 209651177?
False
Does 16 divide 207769248?
True
Is 2635 a factor of 4352259800?
False
Is 7497640 a multiple of 28?
False
Is 28 a factor of 1173180260?
True
Is 113 a factor of 59463996?
False
Does 187 divide 118497225?
True
Is 1798 a factor of 804575142?
False
Does 132 divide 15771228?
True
Does 919 divide 11097844?
True
Is 1713204 a multiple of 261?
True
Is 8 a factor of 420414?
False
Is 4220822793 a multiple of 2956?
False
Does 273 divide 38755524?
False
Is 5095834440 a multiple of 1695?
True
Does 113 divide 856759376?
False
Is 2832076953 a multiple of 6168?
False
Is 394 a factor of 350274668?
True
Does 289 divide 15986324?
True
Is 12 a factor of 188270057?
False
Is 341 a factor of 600845685?
False
Does 3 divide 20961000?
True
Is 2479227259 a multiple of 2463?
False
Is 33 a factor of 805330480?
False
Is 2187574126 a multiple of 107?
True
Does 117 divide 519876630?
True
Is 153589150 a multiple of 130?
True
Is 319 a factor of 4048110?
True
Is 470 a factor of 96122050?
True
Is 424798193 a multiple of 1223?
False
Is 6796076 a multiple of 14?
True
Is 261910635 a multiple of 105?
True
Is 2587721 a multiple of 581?
False
Is 2726 a factor of 412866155?
False
Is 666765720 a multiple of 3921?
False
Is 456791088 a multiple of 884?
True
Is 190921807 a multiple of 1334?
False
Is 50 a factor of 129558204?
False
Is 15112556 a multiple of 188?
False
Does 143 divide 767975780?
True
Is 2216 a factor of 25565992?
True
Is 1150 a factor of 149883567?
False
Is 53 a factor of 244938182?
False
Does 112 divide 545318859?
False
Is 292057075 a multiple of 43?
True
Is 693361 a multiple of 11?
False
Does 26 divide 3385260787?
False
Does 53 divide 569484500?
False
Is 533410735 a multiple of 6695?
True
Is 9 a factor of 3519756?
True
Does 794 divide 11803771?
False
Does 5 divide 104723495?
True
Is 87 a factor of 74403879?
True
Does 23 divide 46320850?
True
Does 104 divide 3622944?
True
Does 455 divide 408318365?
True
Is 450183758 a multiple of 86?
False
Is 4030224725 a multiple of 25?
True
Does 71 divide 226006913?
False
Is 234 a factor of 16575390?
True
Is 32 a factor of 201755277?
False
Is 21594510 a multiple of 105?
True
Is 27515316 a multiple of 33?
False
Is 588119520 a multiple of 32?
True
Is 17556556 a multiple of 412?
True
Is 664359425 a multiple of 71?
True
Is 16121269 a multiple of 852?
False
Is 244601172 a multiple of 12?
True
Is 1373592557 a multiple of 10273?
True
Is 89 a factor of 37670995?
False
Is 75786050 a multiple of 535?
False
Is 180365499 a multiple of 171?
True
Is 104277475 a multiple of 29?
True
Is 452 a factor of 2901834917?
False
Is 16 a factor of 3990048?
True
Is 3237801482 a multiple of 9316?
False
Is 3056 a factor of 119372236?
False
Does 7 divide 11634083?
False
Is 721 a factor of 17616016?
False
Is 181308834 a multiple of 402?
True
Is 63312313 a multiple of 1376?
False
Is 129242261 even?
False
Does 116 divide 8539926?
False
Is 15 a factor of 9450405?
True
Is 11 a factor of 63009257?
False
Is 135319938 a multiple of 6?
True
Is 238 a factor of 1702174?
False
Does 23 divide 5173418?
False
Is 382277367 a multiple of 944?
False
Does 738 divide 440108514?
True
Does 61 divide 11873749?
False
Is 72 a factor of 1562658254?
False
Is 14380612 a multiple of 180?
False
Does 45 divide 22364553?
False
Is 26223673 a multiple of 15?
False
Is 911521205 a multiple of 11?
False
Is 204928 a multiple of 3?
False
Does 4761 divide 93234663?
True
Does 74 divide 562515249?
False
Is 773 a factor of 716706857?
False
Is 797178200 a multiple of 52?
True
Is 20114104 a multiple of 240?
False
Does 5 divide 15400312?
False
Is 8 a factor of 34415992?
True
Is 2506 a factor of 45210746?
True
Does 19 divide 222289797?
True
Is 522 a factor of 18428593?
False
Is 35958 a multiple of 3049?
False
Is 102242484 a multiple of 294?
False
Is 9289647 a multiple of 77?
False
Does 4 divide 8920013?
False
Does 3674 divide 124244858?
False
Does 852 divide 276432594?
False
Does 15 divide 109448940?
True
Is 125 a factor of 3736314274?
False
Is 328345986 a multiple of 2150?
False
Is 2192 a factor of 1513225280?
True
Does 499 divide 58799669?
False
Is 201765007 a multiple of 9?
False
Does 847 divide 23206953?
True
Does 299 divide 19627428?
False
Is 13 a factor of 23903373?
True
Does 4 divide 126028096?
True
Does 90 divide 101048490?
True
Is 1729099161 a multiple of 8189?
True
Is 2467254 a multiple of 219?
True
Is 471 a factor of 73210356?
True
Does 70 divide 47107823?
False
Is 1490 a factor of 69261160?
True
Is 432 a factor of 848949859?
False
Is 7 a factor of 11009686?
False
Is 98 a factor of 99043014?
True
Does 61 divide 1528727283?